on factor of 51 and 5219?
17
Calculate the highest common factor of 1298 and 22.
22
Calculate the greatest common factor of 48 and 6.
6
Calculate the highest common factor of 27 and 27.
27
What is the highest common divisor of 2727 and 202?
101
What is the greatest common divisor of 212 and 4?
4
Calculate the highest common factor of 20 and 65.
5
What is the highest common divisor of 7 and 7?
7
What is the highest common divisor of 39 and 27?
3
Calculate the highest common factor of 60 and 10600.
20
What is the greatest common factor of 329 and 47?
47
What is the highest common divisor of 342 and 38?
38
What is the greatest common factor of 1512 and 63?
63
What is the highest common factor of 204 and 2091?
51
What is the highest common factor of 42 and 147?
21
What is the greatest common factor of 1410 and 45?
15
What is the highest common divisor of 4469 and 41?
41
What is the highest common factor of 142 and 781?
71
What is the highest common divisor of 37 and 185?
37
What is the highest common divisor of 102 and 12?
6
Calculate the highest common divisor of 40 and 35.
5
What is the highest common factor of 55 and 1045?
55
What is the highest common divisor of 14 and 917?
7
Calculate the greatest common divisor of 4 and 13700.
4
What is the greatest common factor of 17371 and 58?
29
What is the highest common factor of 17 and 7225?
17
What is the greatest common factor of 31 and 403?
31
Calculate the greatest common divisor of 63 and 18.
9
What is the highest common divisor of 3977 and 194?
97
What is the highest common factor of 305 and 40?
5
What is the greatest common factor of 30 and 30?
30
What is the greatest common factor of 450 and 45?
45
What is the greatest common divisor of 377 and 143?
13
Calculate the greatest common factor of 24319 and 166.
83
What is the highest common factor of 266 and 14?
14
Calculate the greatest common factor of 610 and 5.
5
Calculate the highest common factor of 149 and 14453.
149
What is the greatest common divisor of 870 and 30?
30
Calculate the highest common factor of 4 and 1172.
4
What is the highest common divisor of 171 and 6?
3
What is the greatest common divisor of 16207 and 19?
19
Calculate the highest common factor of 960 and 15.
15
Calculate the highest common factor of 246 and 4551.
123
What is the greatest common divisor of 5724 and 204?
12
Calculate the highest common divisor of 578 and 34.
34
Calculate the highest common factor of 135 and 120.
15
Calculate the greatest common factor of 28 and 35.
7
Calculate the greatest common divisor of 145 and 45.
5
What is the greatest common factor of 623 and 1157?
89
What is the highest common factor of 14 and 33698?
14
What is the highest common divisor of 741 and 624?
39
What is the greatest common divisor of 816 and 51?
51
Calculate the greatest common factor of 891 and 81.
81
What is the highest common divisor of 112 and 84?
28
What is the highest common divisor of 30 and 190?
10
Calculate the highest common divisor of 121 and 22.
11
Calculate the highest common factor of 27 and 3753.
27
Calculate the greatest common divisor of 2192 and 959.
137
What is the highest common divisor of 914 and 6?
2
What is the highest common factor of 180 and 300?
60
Calculate the greatest common factor of 9869 and 71.
71
Calculate the highest common factor of 1 and 5.
1
Calculate the greatest common factor of 285 and 30.
15
Calculate the highest common divisor of 1736 and 56.
56
What is the greatest common factor of 1 and 233?
1
What is the highest common divisor of 792 and 144?
72
Calculate the greatest common factor of 106 and 14840.
106
What is the highest common divisor of 113 and 3051?
113
What is the greatest common factor of 200 and 128?
8
Calculate the highest common divisor of 710 and 20.
10
What is the highest common divisor of 444 and 204?
12
What is the highest common divisor of 20 and 1030?
10
What is the greatest common factor of 186 and 3534?
186
What is the highest common divisor of 17592 and 72?
24
What is the greatest common divisor of 903 and 172?
43
Calculate the highest common factor of 36 and 774.
18
What is the greatest common divisor of 112 and 2408?
56
Calculate the greatest common factor of 2072 and 224.
56
What is the greatest common divisor of 234 and 26?
26
What is the greatest common divisor of 1591 and 185?
37
Calculate the greatest common factor of 12 and 204.
12
Calculate the highest common factor of 14 and 3374.
14
What is the greatest common divisor of 1197 and 882?
63
Calculate the highest common factor of 640 and 30.
10
What is the highest common divisor of 434 and 14?
14
Calculate the highest common factor of 280 and 595.
35
What is the highest common factor of 72 and 16?
8
Calculate the highest common divisor of 21990 and 20.
10
Calculate the highest common divisor of 388 and 2134.
194
What is the highest common divisor of 20 and 46540?
20
What is the greatest common divisor of 43 and 3827?
43
Calculate the greatest common factor of 31 and 2263.
31
Calculate the greatest common factor of 264 and 120.
24
What is the highest common divisor of 4980 and 40?
20
What is the greatest common factor of 644 and 21?
7
What is the highest common divisor of 620 and 40?
20
What is the highest common divisor of 11815 and 139?
139
Calculate the greatest common factor of 287 and 41.
41
Calculate the greatest common divisor of 468 and 3159.
117
What is the greatest common divisor of 48 and 1936?
16
Calculate the greatest common divisor of 102 and 51.
51
Calculate the greatest common factor of 234 and 338.
26
Calculate the greatest common divisor of 297 and 1815.
33
Calculate the highest common factor of 347 and 1.
1
What is the highest common factor of 3 and 192?
3
What is the highest common factor of 28 and 636?
4
Calculate the highest common factor of 1221 and 333.
111
What is the highest common factor of 11245 and 65?
65
Calculate the greatest common divisor of 40 and 112.
8
Calculate the greatest common factor of 259 and 21.
7
What is the greatest common divisor of 204 and 12?
12
Calculate the greatest common factor of 113 and 1808.
113
What is the greatest common factor of 301 and 11008?
43
What is the highest common divisor of 1222 and 26?
26
What is the highest common divisor of 22645 and 35?
35
What is the greatest common divisor of 35 and 90?
5
Calculate the greatest common factor of 299 and 437.
23
What is the greatest common divisor of 708 and 444?
12
Calculate the greatest common divisor of 33 and 2134.
11
What is the greatest common divisor of 155 and 5?
5
What is the highest common divisor of 2125 and 125?
125
What is the highest common divisor of 48 and 128?
16
What is the highest common divisor of 430 and 172?
86
Calculate the greatest common divisor of 15 and 258.
3
What is the greatest common divisor of 2688 and 126?
42
What is the highest common divisor of 280 and 21?
7
What is the greatest common divisor of 2983 and 2041?
157
What is the highest common divisor of 182 and 130?
26
Calculate the highest common factor of 52 and 9022.
26
What is the highest common factor of 1495 and 2645?
115
Calculate the greatest common factor of 493 and 1885.
29
What is the highest common divisor of 129 and 33?
3
Calculate the greatest common divisor of 18 and 2304.
18
Calculate the highest common divisor of 3296 and 103.
103
Calculate the highest common factor of 6342 and 210.
42
Calculate the highest common divisor of 126 and 288.
18
Calculate the greatest common divisor of 1004 and 14.
2
Calculate the highest common factor of 10676 and 17.
17
What is the highest common divisor of 207 and 2?
1
What is the highest common factor of 18 and 342?
18
What is the greatest common divisor of 984 and 648?
24
What is the greatest common divisor of 62 and 30907?
31
Calculate the greatest common divisor of 102 and 816.
102
Calculate the greatest common divisor of 217 and 465.
31
What is the greatest common divisor of 120 and 3540?
60
What is the greatest common factor of 104 and 923?
13
Calculate the greatest common factor of 2 and 41.
1
What is the highest common divisor of 80 and 64?
16
What is the greatest common factor of 153 and 3927?
51
Calculate the highest common factor of 1007 and 38.
19
Calculate the greatest common factor of 12 and 504.
1